{"id":200,"date":"2024-12-19T12:35:48","date_gmt":"2024-12-19T12:35:48","guid":{"rendered":"http:\/\/aztradestore.com\/?post_type=product&#038;p=200"},"modified":"2024-12-19T12:36:16","modified_gmt":"2024-12-19T12:36:16","slug":"mouse-logitech-m185-wireless-grey-910-002235","status":"publish","type":"product","link":"https:\/\/aztradestore.com\/?product=mouse-logitech-m185-wireless-grey-910-002235","title":{"rendered":"Mouse Logitech M185 Wireless grey (910-002235)"},"content":{"rendered":"<ul class=\"a-unordered-list a-vertical a-spacing-mini\">\n<li class=\"a-spacing-mini\"><span class=\"a-list-item\">Mouse compatto: con un comodo design sagomato, il mouse wireless ambidestro Logitech \u00e8 utilizzabile indifferentemente con la mano destra o sinistra e pu\u00f2 offrire pi\u00f9 comfort di un touchpad<\/span><\/li>\n<li class=\"a-spacing-mini\"><span class=\"a-list-item\">Durevole e Affidabile: il mouse USB dispone di rotella di scorrimento linea per linea e include una batteria AA che offre fino a 1 anno di durata grazie alla modalit\u00e0 intelligente di inattivit\u00e0<\/span><\/li>\n<li class=\"a-spacing-mini\"><span class=\"a-list-item\">Compatibilit\u00e0 Universale: il mouse Logitech funziona con PC Windows, Mac o laptop; qualsiasi tipo di computer possiedi oggi o comprerai domani, il mouse sar\u00e0 compatibile<\/span><\/li>\n<li class=\"a-spacing-mini\"><span class=\"a-list-item\">Semplicit\u00e0 Plug and Play: collega il piccolo ricevitore USB nano e inizia a lavorare in pochi secondi; offre al tuo mouse wireless per computer una connessione forte e affidabile, fino a 10 m<\/span><\/li>\n<li class=\"a-spacing-mini\"><span class=\"a-list-item\">Meglio del Touchpad: secondo un recente studio, gli utenti di laptop che hanno scelto M185 rispetto a un touchpad sono stati il 50% pi\u00f9 produttivi e hanno lavorato il 30% pi\u00f9 velocemente<\/span><\/li>\n<li class=\"a-spacing-mini\"><span class=\"a-list-item\">Piccolo e Portatile: le dimensioni compatte e il controllo fluido del cursore rendono il mouse senza fili adatto a mani piccole e medie, uffici e spazi di lavoro ristretti o scrivanie ingombre<\/span><\/li>\n<li class=\"a-spacing-mini\"><span class=\"a-list-item\">Passa a Logitech M235 Mouse Wireless: prova la comodit\u00e0 dell&#8217;impugnatura in gomma morbida di M235, il ricevitore USB per connettere pi\u00f9 periferiche e l&#8217;indicatore luminoso dello stato della batteria<\/span><\/li>\n<\/ul>\n","protected":false},"excerpt":{"rendered":"<p>Mouse Logitech M185 Wireless grey (910-002235)<\/p>\n","protected":false},"featured_media":251,"comment_status":"open","ping_status":"closed","template":"","meta":{"_et_pb_use_builder":"","_et_pb_old_content":"","_et_gb_content_width":""},"product_cat":[38,23],"product_tag":[],"class_list":{"0":"post-200","1":"product","2":"type-product","3":"status-publish","4":"has-post-thumbnail","6":"product_cat-mouse-tastiere","7":"product_cat-periferiche-esterne","9":"first","10":"instock","11":"shipping-taxable","12":"purchasable","13":"product-type-simple"},"_links":{"self":[{"href":"https:\/\/aztradestore.com\/index.php?rest_route=\/wp\/v2\/product\/200","targetHints":{"allow":["GET"]}}],"collection":[{"href":"https:\/\/aztradestore.com\/index.php?rest_route=\/wp\/v2\/product"}],"about":[{"href":"https:\/\/aztradestore.com\/index.php?rest_route=\/wp\/v2\/types\/product"}],"replies":[{"embeddable":true,"href":"https:\/\/aztradestore.com\/index.php?rest_route=%2Fwp%2Fv2%2Fcomments&post=200"}],"wp:featuredmedia":[{"embeddable":true,"href":"https:\/\/aztradestore.com\/index.php?rest_route=\/wp\/v2\/media\/251"}],"wp:attachment":[{"href":"https:\/\/aztradestore.com\/index.php?rest_route=%2Fwp%2Fv2%2Fmedia&parent=200"}],"wp:term":[{"taxonomy":"product_cat","embeddable":true,"href":"https:\/\/aztradestore.com\/index.php?rest_route=%2Fwp%2Fv2%2Fproduct_cat&post=200"},{"taxonomy":"product_tag","embeddable":true,"href":"https:\/\/aztradestore.com\/index.php?rest_route=%2Fwp%2Fv2%2Fproduct_tag&post=200"}],"curies":[{"name":"wp","href":"https:\/\/api.w.org\/{rel}","templated":true}]}}