{"id":114,"date":"2024-12-19T12:35:02","date_gmt":"2024-12-19T12:35:02","guid":{"rendered":"http:\/\/aztradestore.com\/?post_type=product&#038;p=114"},"modified":"2024-12-19T12:35:23","modified_gmt":"2024-12-19T12:35:23","slug":"ssd-wd-blue-1tb-sa510-sata3-25-7mm-wds100t3b0a","status":"publish","type":"product","link":"https:\/\/aztradestore.com\/?product=ssd-wd-blue-1tb-sa510-sata3-25-7mm-wds100t3b0a","title":{"rendered":"SSD WD Blue 1TB SA510 Sata3 2,5 7mm WDS100T3B0A"},"content":{"rendered":"<ul class=\"a-unordered-list a-vertical a-spacing-mini\">\n<li class=\"a-spacing-mini\"><span class=\"a-list-item\">Unit\u00e0 SSD 3D NAND SATA per capacit\u00e0 fino a 2 TB e affidabilit\u00e0 ottimizzata<\/span><\/li>\n<li class=\"a-spacing-mini\"><span class=\"a-list-item\">Consumo energetico attivo inferiore fino al 25% rispetto alle generazioni precedenti di SSD WD Blue<\/span><\/li>\n<li class=\"a-spacing-mini\"><span class=\"a-list-item\">Velocit\u00e0 di lettura sequenziali fino a 560 MB\/s e velocit\u00e0 di scrittura sequenziali fino a 530 MB\/s<\/span><\/li>\n<li class=\"a-spacing-mini\"><span class=\"a-list-item\">Un MTTF (Mean Time To Failure) di 1,75 milioni di ore da leader del settore e fino a 500 terabyte scritti (TBW) per un&#8217;affidabilit\u00e0 ottimizzata<\/span><\/li>\n<li class=\"a-spacing-mini\"><span class=\"a-list-item\">Certificazione F.I.T. Lab di WD per compatibilit\u00e0 con una vasta gamma di computer<\/span><\/li>\n<li class=\"a-spacing-mini\"><span class=\"a-list-item\">Software gratuito disponibile per il download per monitorare lo stato dell&#8217;unit\u00e0 e clonarla oppure per eseguire il backup dei dati<\/span><\/li>\n<\/ul>\n","protected":false},"excerpt":{"rendered":"<p>SSD WD Blue 1TB SA510 Sata3 2,5 7mm WDS100T3B0A<\/p>\n","protected":false},"featured_media":144,"comment_status":"open","ping_status":"closed","template":"","meta":{"_et_pb_use_builder":"","_et_pb_old_content":"","_et_gb_content_width":""},"product_cat":[19,24],"product_tag":[],"class_list":{"0":"post-114","1":"product","2":"type-product","3":"status-publish","4":"has-post-thumbnail","6":"product_cat-componenti-pc","7":"product_cat-ssd","9":"first","10":"instock","11":"shipping-taxable","12":"purchasable","13":"product-type-simple"},"_links":{"self":[{"href":"https:\/\/aztradestore.com\/index.php?rest_route=\/wp\/v2\/product\/114","targetHints":{"allow":["GET"]}}],"collection":[{"href":"https:\/\/aztradestore.com\/index.php?rest_route=\/wp\/v2\/product"}],"about":[{"href":"https:\/\/aztradestore.com\/index.php?rest_route=\/wp\/v2\/types\/product"}],"replies":[{"embeddable":true,"href":"https:\/\/aztradestore.com\/index.php?rest_route=%2Fwp%2Fv2%2Fcomments&post=114"}],"wp:featuredmedia":[{"embeddable":true,"href":"https:\/\/aztradestore.com\/index.php?rest_route=\/wp\/v2\/media\/144"}],"wp:attachment":[{"href":"https:\/\/aztradestore.com\/index.php?rest_route=%2Fwp%2Fv2%2Fmedia&parent=114"}],"wp:term":[{"taxonomy":"product_cat","embeddable":true,"href":"https:\/\/aztradestore.com\/index.php?rest_route=%2Fwp%2Fv2%2Fproduct_cat&post=114"},{"taxonomy":"product_tag","embeddable":true,"href":"https:\/\/aztradestore.com\/index.php?rest_route=%2Fwp%2Fv2%2Fproduct_tag&post=114"}],"curies":[{"name":"wp","href":"https:\/\/api.w.org\/{rel}","templated":true}]}}